 o.
2, 5, 7
Suppose -5*k + 1448 = f + 491, -5*f + 945 = 5*k. List the prime factors of k.
2, 3
Let y(h) = 5*h + 2. Let z be y(-2). Let b = 21 - z. List the prime factors of b.
29
Let c(j) = -j**3 + 9*j**2 - 14*j + 10. Let g be c(7). Suppose -g*w + 1561 = -3*w. What are the prime factors of w?
223
Suppose 0 = 5*v - 0*h + h - 14770, -3*v = 2*h - 8869. List the prime factors of v.
2953
Suppose 0 = c + 5*a - 1230 - 430, -2*c + 5*a = -3320. List the prime factors of c.
2, 5, 83
Let j = -34 + 38. Suppose 0 = j*a + 77 - 473. What are the prime factors of a?
3, 11
Suppose 4*o - 1360 = 4*i, 0 = -2*o - i + 601 + 94. What are the prime factors of o?
3, 5, 23
Suppose -2 = -d - 0. Suppose -4*o + 398 = d*i, -i - 2*i + 15 = 0. List the prime factors of o.
97
Let g(v) = v**2 - v + 2. Let m(n) = -4*n**2 + n - 4. Let d(t) = 6*g(t) + m(t). What are the prime factors of d(7)?
71
Suppose 4*i + 2660 = 3*d - d, i = -4*d + 5338. What are the prime factors of d?
2, 23, 29
Suppose -722 = -j + c, -7*j - 4*c + 2904 = -3*j. List the prime factors of j.
2, 181
Let z(u) = 5*u**2 + 5*u + 4. Let n be z(-1). Suppose 0*q + 829 = n*w + q, 2*q - 826 = -4*w. What are the prime factors of w?
2, 13
Suppose 4*f = -2*x + 476, x - 6*x + 1201 = -f. Let s = x + -59. What are the prime factors of s?
181
Suppose 663 = 7*v - 2242. What are the prime factors of v?
5, 83
Suppose -10*l + 4018 = -3662. Let x = l + -448. List the prime factors of x.
2, 5
Suppose 3*u - 7966 = 5*g, -g = u - 3*g - 2655. List the prime factors of u.
2657
Let k(r) = r. Let v be k(4). List the prime factors of v - 5 - 280/(-2).
139
List the prime factors of 2214*((-116)/12 + 10).
2, 3, 41
What are the prime factors of 30*((-140)/(-12) - 0)?
2, 5, 7
Let x(t) be the first derivative of -41*t**5/20 - t**4/12 + 2*t + 4. Let a(i) be the first derivative of x(i). What are the prime factors of a(-1)?
2, 5
Suppose 2 = -5*y + 12. Suppose -y*x + 11 = -43. List the prime factors of x.
3
Let x be 2 + -2 + (7 - 5). Suppose u = x*u. Suppose 5*l + 3*o - 126 = -u*o, 128 = 5*l + 4*o. What are the prime factors of l?
2, 3
Let h be 4 + (0 - (-76)/(-4)). List the prime factors of (-38*1/2)/(3/h).
5, 19
Suppose 5*r + 4179 = -o + 190, 3*o = -12. Let f = r - -1124. What are the prime factors of f?
3, 109
Let r(a) = -3*a**2 - 19*a + 8. Let n be r(-6). Suppose -2610 = -n*s - s. What are the prime factors of s?
2, 3, 29
Let p(i) = -10*i + 1. Let r be p(1). Let l be 3/(r/(-48)) + -2. List the prime factors of 752/18 + l/63.
2, 3, 7
Suppose 3*o - 5 = -4*a, 3*a = 3*o - 8*o + 12. Suppose -56 + 212 = o*h. List the prime factors of h.
2, 13
Let z(f) = f**2 - 3*f. Let r be z(4). Suppose 3*i - 383 = 4*a, -3*a = -3*i - r*a + 358. What are the prime factors of i?
11
Suppose 130*x = 151*x - 21924. What are the prime factors of x?
2, 3, 29
Suppose 2*m - 46 = 22. Suppose 0 = -3*n + 2*s + 3*s + m, -4*n + 17 = -s. Suppose 3*k = o - 60, 5*o - n*k - 300 = -5*k. What are the prime factors of o?
2, 3, 5
Let j(k) = -k**2 - 19*k + 10. Let d(r) = -r**3 - 10*r**2 - 7*r - 1. Let y be d(-9). List the prime factors of j(y).
2, 5
Let s(h) = -12*h + 18. List the prime factors of s(-24).
2, 3, 17
Let r(i) = -5*i**3 - 4*i + 35. Let m(t) = 11*t**3 - t**2 + 9*t - 69. Let q(c) = 4*m(c) + 9*r(c). What are the prime factors of q(0)?
3, 13
Suppose -6 = -3*h + d, 2*h + 3 - 21 = -4*d. Let p = 4 - h. List the prime factors of (-6)/(2*p/(-7)).
3, 7
Let o = -1275 - -2043. List the prime factors of o.
2, 3
Suppose -30 = -12*h + 6. Let j(n) = 11*n**2 + 3*n - 7. List the prime factors of j(h).
101
Let g(d) = 151*d**2 - 2*d. Let c be g(-2). Suppose 0 = -n + 5*n - c. Suppose -10*z + 6*z = -n. What are the prime factors of z?
2, 19
Let d(z) be the second derivative of 61*z**4/3 + 2*z**3/3 - 5*z**2/2 - 24*z. What are the prime factors of d(1)?
3
Let q = 9 - -34. Suppose -q = -n + 28. List the prime factors of n.
71
Let y(c) = c**3 + 3*c**2 + 2*c + 3. Suppose b = -5*v - 14, -4*v = 5*b - 1 + 8. Let p be y(v). What are the prime factors of 3/p*-2*10?
2, 5
Let p = 1792 + -1217. Suppose 37*x + p = 42*x. What are the prime factors of x?
5, 23
Let q(n) = -9*n - 1. Let g be q(1). Let d be g/(-2) + (2 - 3). Suppose 4*i + 24 + 0 = 4*w, 3*i = d*w - 28. List the prime factors of w.
2, 5
Let m = 52 - -114. List the prime factors of m.
2, 83
Let v(s) = -s - 7. Let o be v(-10). Let n(y) = 16*y - 2. Let w be n(o). List the prime factors of 12/(-3) + w - 3.
3, 13
Suppose -3*w = 2*w. Suppose 5*y + 25 - 5 = w, 0 = 5*f - 5*y + 70. Let c = 44 + f. List the prime factors of c.
2, 13
Suppose m = -4*m - 55. Let p(s) = s - 11. Let q be p(m). Let n = q + 29. What are the prime factors of n?
7
What are the prime factors of 16 - 21 - 3228/(-3)?
3, 7, 17
Let s(c) = 7*c**2 - 6*c + 6 + 7*c**2 + 4 - 12*c**2. List the prime factors of s(4).
2, 3
Let y(m) = 2*m**2 - 5*m + 6. Let h be y(3). Suppose -2*d = -h*d + 371. What are the prime factors of d?
53
Suppose 91*r - 92*r + 822 = 3*t, 5*r + 290 = t. What are the prime factors of t?
5, 11
Suppose 0 = 4*k - 5*h + 10*h - 1876, k + 5*h - 454 = 0. What are the prime factors of k?
2, 3, 79
Let o(m) = -2*m - 6. Let h be o(0). Let n(b) = b**2 + 5*b + 4. Let f be n(h). Suppose 2*z = -f + 72. List the prime factors of z.
31
Suppose -11183 = 10*a - 42303. List the prime factors of a.
2, 389
Let l(c) = -2*c**2 - 23*c + 16. Let y be l(-12). Suppose -233 - 459 = -y*i. List the prime factors of i.
173
Suppose -4*m + 2*m - 4 = 0, 2*u = -4*m. Suppose u*s + s = 30. List the prime factors of s.
2, 3
List the prime factors of (0 - -3060) + 31 + -29.
2, 1531
Suppose o = 9 - 6. Suppose o*h + 2*h = -710. Let a = h - -199. What are the prime factors of a?
3, 19
Let w(y) = 5*y + 17. Let n = 8 - -15. Suppose -l = -0*l + r - 7, -2*l + r + n = 0. What are the prime factors of w(l)?
67
Let w(x) = -120*x - 142. List the prime factors of w(-15).
2, 829
Let a(d) be the second derivative of -3*d + 0 - 1/6*d**3 - 3/2*d**2. What are the prime factors of a(-6)?
3
Let r(t) = 124*t**2 + 7*t - 10. What are the prime factors of r(-4)?
2, 7, 139
Suppose -3*f + 1281 - 4782 = -s, 0 = -5*s - 3*f + 17451. What are the prime factors of s?
2, 3, 97
Let g(m) be the first derivative of 3 + 14*m - 1/2*m**2. What are the prime factors of g(10)?
2
Let t(o) = 4*o. Let z be t(4). Let y = z + -3. Suppose -y*k + 58 = -12*k. List the prime factors of k.
2, 29
Let v(f) = 16*f**2 + f**3 + 29*f + 3 - 15*f**2 - 12*f**2. What are the prime factors of v(8)?
43
Suppose 14165 = 21*r + 5030. What are the prime factors of r?
3, 5, 29
Let z = 6 - 1. Suppose 14 = z*m + 4. List the prime factors of (m - -1)/((-2)/(-10)).
3, 5
Let x(r) = 4*r + 26. What are the prime factors of x(0)?
2, 13
Let d(n) be the second derivative of -n**5/20 - 7*n**4/12 - n**3/6 - n**2/2 + 4*n. Let u be d(-7). Let k = u + 23. What are the prime factors of k?
29
Let c(b) be the second derivative of b**5/20 - 23*b**4/12 + 11*b**3/3 + 29*b**2/2 + 37*b. List the prime factors of c(22).
29
Let d(k) be the first derivative of -5*k**2 - 10*k + 8. What are the prime factors of d(-3)?
2, 5
Let l = 8989 + -6333. What are the prime factors of l?
2, 83
Suppose -468 = -s + 9. List the prime factors of s.
3, 53
Let p = 2961 - 1089. What are the prime factors of p?
2, 3, 13
Let o = -159 - -5. Let g = -82 - o. What are the prime factors of g?
2, 3
Let c(k) = 2*k - 22. Let o be c(10). Let u be 5 - 9 - (o - 57). Suppose 0 = 2*j - 10, 2*s = -2*j + 21 + u. List the prime factors of s.
3, 11
Let p(a) = a**2 + 11*a - 4. Let o be p(-11). Let f be (-3396)/(-28) - o/(-14). Suppose 49 + 68 = 5*t - 3*q, f = 5*t - 4*q. What are the prime factors of t?
3, 7
Let j(y) = -13*y**3 - 5*y**2 + 13*y + 30. What are the prime factors of j(-7)?
4153
Let u = -74 - -79. Suppose u = w, -2*z - 2*w + 328 = 2*w. List the prime factors of z.
2, 7, 11
Suppose -3 = o + 3*w - 5*w, -4*w - 30 = 2*o. Let m be 3*(-4 + (-33)/o). Let l = 32 - m. What are the prime factors of l?
3, 11
Suppose 3*z + 6 = -0. Let u(i) = -44*i - 6. What are the prime factors of u(z)?
2, 41
Let z(f) = -f - 21. Let s be z(-10). Let u = s - -4. Let i(a) = -a**3 - 6*a**2 + 4*a - 9. List the prime factors of i(u).
2, 3
Let a(x) = x**2 + 5*x - 12. List the prime factors of a(7).
2, 3
Let d(s) = -s**2 + 3*s + 3. Let u be d(5). Let q = u + 9. Supp